
Let z(t) = t**3 + 2*t + 5. Let v be z(4). Suppose -2*p + 5*p - 25 = -2*l, -2*p - 4*l + 22 = 0. Calculate the highest common factor of p and v.
7
Let p be (-4)/(-2) - (-12 - 0). What is the highest common divisor of p and 140?
14
Suppose 2*h - 3*h - 2 = 0, -3*w = 5*h - 122. Let f = -6 - -10. Calculate the highest common factor of f and w.
4
Suppose -3*b - c = -4 + 3, 4*c + 9 = b. Let i(d) = 17*d**2 + 1. Let f be i(b). What is the highest common divisor of 9 and f?
9
Let k = -7 - -6. Let o be 1*k/1 + 3. Suppose o*i + 2*i = 96. What is the greatest common divisor of 36 and i?
12
Let g = 0 + 2. Suppose -g*p - m = -10, -m + 0 = 2. Suppose 20 = p*l - l. Calculate the highest common divisor of 36 and l.
4
Suppose 0 = -b + 5*b - 108. Suppose -p - z - 27 = -4*p, 3*p - b = -z. What is the greatest common factor of 9 and p?
9
Suppose 0*b - 6*b = -504. What is the highest common factor of 21 and b?
21
Let f(h) = 35*h + 5. Let b be f(5). Suppose -4*o + 560 = b. Calculate the highest common factor of 19 and o.
19
Let q(d) = d**2 - 6*d - 21. Let k be q(10). Calculate the highest common divisor of 38 and k.
19
Suppose 2 = 4*t - 2. Suppose 3 = b + t. Suppose m = 4*m - 3*p - 54, 4*p = 3*m - 56. Calculate the highest common factor of m and b.
2
Let f = -271 - -433. Calculate the greatest common factor of f and 18.
18
Suppose 0*q + 5*q + 110 = 0. Let r be (q + 2 + 0)/(-2). Calculate the greatest common factor of 15 and r.
5
Let f(d) = 9*d**2 + 1. Let s(o) = o**2 + 8*o + 1. Let y be s(-8). Let n be f(y). Suppose h - n = 18. Calculate the greatest common factor of h and 70.
14
Suppose 2*a + 2*x - 12 = 0, -3*x - 28 = -5*a - 6*x. Suppose -j + 4*z = j - 26, 3*j = -a*z + 50. What is the greatest common factor of j and 10?
5
Let k(p) = -p**2 + 10*p - 14. Let l(m) = -2*m**2 + 20*m - 27. Let n(u) = -11*k(u) + 6*l(u). Let c be n(7). What is the highest common factor of 39 and c?
13
Let z(d) = d**3 + d + 2. Let l be z(0). Suppose 24 = 3*j - 3*o - 15, 30 = l*j - 3*o. What is the highest common factor of 99 and j?
9
Let x be ((-7)/(-21))/((-3)/(-72)). What is the highest common factor of 72 and x?
8
Let o be -2 + 1 - (-3 + -1). What is the greatest common factor of 15 and o?
3
Suppose 23 - 95 = -6*n. Let d be 26/6 + 8/12. Suppose 3*g = d*z - 171, -2*z + 2*g + 28 + 38 = 0. What is the highest common divisor of z and n?
12
Suppose 2*o - 6*o + 108 = 0. Let d be 1 - 1 - (-62)/2. Let g = -22 + d. What is the highest common factor of o and g?
9
Suppose -4*b = 3*s - 2*s - 20, 0 = b - 3*s + 8. Suppose -b*j = -8 - 8. What is the greatest common factor of 36 and j?
4
Let a be (-2)/(-7) + 24/14. Suppose a*v = -7 + 1. Let u(r) = r**2 + 2*r. Let n be u(v). What is the highest common divisor of 27 and n?
3
Suppose 4*a - 389 = 583. Let b be -9*(0 + (1 - 4)). Calculate the greatest common factor of a and b.
27
Let y = -52 + 121. Calculate the greatest common factor of y and 3.
3
Let d be 147/35 - 1/5. Suppose -160 = -5*q - d*g, 0 = -2*q + 2*g + 49 - 3. Calculate the greatest common divisor of 42 and q.
14
Let n(i) = i**3 - i**2 + 2*i - 4. Let a be n(4). Calculate the greatest common divisor of a and 26.
26
Suppose -7 = -f + 29. Let g be ((-18)/7)/(-5 - 685/(-140)). What is the greatest common divisor of f and g?
12
Suppose -4*f + 51 = -f. Calculate the highest common factor of 17 and f.
17
Suppose -5*o - 8 + 18 = 0. Let m(p) = o*p + p - 6 + 3 - 3. Let v be m(8). Calculate the highest common divisor of 6 and v.
6
Let j be -4*8/6*-3. Calculate the greatest common divisor of 12 and j.
4
Let v(g) be the first derivative of 3 - g**2 - 6*g + 0*g - 2 - 2. Let j be v(-6). Calculate the highest common divisor of j and 54.
6
Let q be (-7)/35 - 33/(-15). Calculate the highest common divisor of 22 and q.
2
Let i be 3*4/(-6)*1. Let y be (-4*13)/((-4)/(-22)). Let k be i/(-8) + y/(-8). Calculate the highest common factor of 4 and k.
4
Let p(g) = -g + 2. Let x = 1 - 4. Let c be p(x). Suppose c*i = -4 + 14. What is the greatest common factor of i and 14?
2
Let y be (-4)/(-2) + 22/2. Let z = -3 + y. What is the highest common factor of z and 40?
10
Suppose 4*b + 4 = 12. Let f be 8/16 - (-6)/4. Suppose -b*d - 30 = -3*v - 2*v, -f*v + d = -13. Calculate the highest common divisor of 12 and v.
4
Let j be (72/16)/(6/16). What is the greatest common factor of 84 and j?
12
Let t be (-1)/((44/48)/(-11)). What is the greatest common divisor of t and 48?
12
Suppose a + 24 = 5*a. Let p = 27 + 3. Calculate the greatest common factor of p and a.
6
Suppose 594 + 132 = 2*y. Let d be (-2)/10 + y/15. Suppose 90 - d = z. What is the greatest common divisor of 22 and z?
22
Let t(w) = 2*w**3 + w**2 + w - 5. Let u be t(4). What is the highest common factor of u and 13?
13
Suppose 4*j - 6 - 10 = 0. Suppose j*u - 159 = 133. Let i = 103 - u. What is the greatest common divisor of 75 and i?
15
Let b = -15 + 45. What is the highest common divisor of b and 270?
30
Let t(m) = 19*m + 5. Let i(h) = 19*h + 6. Suppose -x = -4*x - 9. Let a(y) = x*t(y) + 2*i(y). Let s be a(-2). Calculate the highest common divisor of s and 5.
5
Let f be ((-42)/4)/(1/4*-1). What is the greatest common factor of 28 and f?
14
Let d be (-1*18)/(6/(-15)). What is the greatest common factor of d and 9?
9
Let g = -28 + 18. Let v be ((-8)/g)/((-2)/(-80)). Let s = v + 31. Calculate the highest common factor of 7 and s.
7
Suppose 7*m - 105 = -0*m. Calculate the greatest common divisor of 90 and m.
15
Let l(s) = -2*s + 8. Suppose m + v = -19, 3*m = m + 3*v - 13. Let n be l(m). What is the greatest common divisor of n and 18?
18
Let s(p) = -p**3 - 10*p**2 - 11*p - 94. Let h be s(-10). Suppose -24 = -k - 2*k. Calculate the greatest common divisor of k and h.
8
Let l = 57 - 32. What is the highest common divisor of l and 10?
5
Let y = 1 + 0. Let o be 0 + 16 + 1 + y. Let d be 24/(-14)*(-7)/2. What is the highest common divisor of o and d?
6
Let q(w) = -w**3 - 10*w**2 - 8*w + 8. Let v be q(-9). Let h be (-2 - -1)*v - -27. Suppose -o - 1 = -8. Calculate the highest common divisor of o and h.
7
Suppose -3*j - 4*s + 73 = -40, -j = 4*s - 35. Calculate the highest common factor of j and 13.
13
Let m(y) = y + 39. Let f be m(-7). Suppose 5*x + 17 = 5*r - 23, 5*r - 40 = -5*x. What is the highest common divisor of f and r?
8
Let l be -32*(-3)/12*2. Let w be (-4)/12 + (-13)/(-3). Calculate the highest common divisor of w and l.
4
Let i = 33 - -17. Suppose o + 68 = 5*s + 19, -46 = -5*s + 4*o. Calculate the highest common divisor of s and i.
10
Let b(m) = 365*m**3 - 2*m**2 + 3*m - 2. Let r be b(1). Calculate the greatest common factor of r and 28.
28
Let n be 48/26 + 4/26. Let k be -1 + (n - (-2 + 1)). Calculate the greatest common divisor of 2 and k.
2
Suppose 5*z - 9 = 2*z. Suppose 5*b + 20 = 5*y, 5*y + 5*b - 26 = 14. Suppose o - y = -z. Calculate the greatest common divisor of 3 and o.
3
Let t = 2 - 2. Let r be 3 - (t + 3 + -16). Calculate the highest common divisor of 176 and r.
16
Suppose 3*p = -3*i - 2*i + 21, -5*i = 2*p - 19. Suppose w - i = 11. What is the highest common divisor of 2 and w?
2
Let s(q) = q**3 + 0*q**2 - 3*q + 10*q + 2 - 7*q**2. Let g be 3/12 - 27/(-4). Let d be s(g). Calculate the greatest common divisor of d and 17.
17
Suppose 3*k - 7*k + 44 = 0. Suppose 2*x - x = 121. What is the greatest common factor of k and x?
11
Suppose 0*j - 2*j + 22 = 0. Let f be 3/((30/(-4))/(-5)). Suppose 0 = a - 5*l + 9, -f = a - 2*l - 5. What is the greatest common factor of j and a?
11
Let k(g) = -g**3 + 8*g**2 - 6*g - 1. Let p be k(7). Calculate the highest common divisor of 4 and p.
2
Suppose x - 5*b - 62 = 0, -x = b + 2*b - 78. Let i(t) = t**3 - 24*t**2 - 26*t + 34. Let y be i(25). Calculate the greatest common factor of x and y.
9
Let c(k) = 3*k + 27. Let g(f) = -2*f - 18. Let i(m) = -5*c(m) - 8*g(m). Let p be i(-8). Calculate the highest common divisor of p and 7.
1
Let m = 9 + 3. What is the greatest common divisor of m and 12?
12
Suppose 43 + 1 = 5*c - 4*w, -2*w = -c + 10. Let l(k) = k**3 - 6*k**2 + 5*k + 8. Let y be l(5). What is the greatest common divisor of y and c?
8
Let z be (-1 - 0)/(5/15). Let r(x) = -27*x - 1. Let d be r(z). Let j(u) = -4*u + 4. Let f be j(-3). Calculate the greatest common divisor of f and d.
16
Suppose 3*k = -3 + 6. Let q = 63 + k. Suppose -q